u + 153. Give y(-4).
-27
Let y(f) = -f**3 - 16*f**2 + 85*f + 1359. What is y(-16)?
-1
Let x(s) = -5*s**2 - 135*s + 51. Give x(-29).
-239
Let q(j) = j**3 - 8*j**2 + 14*j - 11. What is q(5)?
-16
Let j(u) = -2*u**2 + 218*u - 269. Give j(108).
-53
Let a(l) = 25480*l + 127394. Calculate a(-5).
-6
Let o(f) = -f**2 + 87*f - 335. Calculate o(4).
-3
Let m(x) = -x**3 + 19*x**2 - 215*x + 6168. Give m(22).
-14
Let y(w) = 7*w**3 + 6*w**2 + 2*w - 9. Determine y(2).
75
Let p(d) = -1767*d - 7077. What is p(-4)?
-9
Let i(s) = -10488*s + 62913. Determine i(6).
-15
Let h(o) = 5*o**2 - 121*o + 727. What is h(11)?
1
Let z(s) = 745*s - 738. Determine z(1).
7
Let m(y) = 7*y**2 + 73*y - 17. Calculate m(-7).
-185
Let a(w) = 2*w**3 - 15*w**2 + 24*w - 21. What is a(9)?
438
Let u(o) = -8*o**2 - 10*o - 43. What is u(-5)?
-193
Let y(m) = -2212*m + 17695. What is y(8)?
-1
Let g(t) = -1277*t - 1193. Calculate g(-1).
84
Let t(h) = h**2 - 854*h - 22876. Calculate t(-26).
4
Let a(x) = x**3 + 10*x**2 - 59*x - 504. Calculate a(-6).
-6
Let i(w) = 4*w**2 - 51*w + 46. What is i(0)?
46
Let u(q) = q**3 - 19*q**2 + 63*q - 24. What is u(15)?
21
Let g(l) = 2*l**2 - 27*l - 6. Calculate g(-3).
93
Let g(k) = 422*k**2 - 1673*k + 17. Determine g(4).
77
Let m(i) = i**2 + 191*i + 1644. Calculate m(-9).
6
Let v(o) = 121*o + 289. Determine v(-4).
-195
Let q(y) = -y**2 - 4721*y + 42572. Calculate q(9).
2
Let b(w) = 3*w**2 + 97*w - 744. Calculate b(7).
82
Let i(x) = 2*x**3 + 9*x**2 - 6*x - 43. Calculate i(-6).
-115
Let b(k) = -5*k + 483. Determine b(67).
148
Let o(b) = -26*b**3 + 78*b**2 + 45*b - 136. Calculate o(3).
-1
Let c(z) = -z**2 - 34*z - 28. Determine c(-38).
-180
Let j(i) = 199*i + 625. Determine j(-3).
28
Let n(y) = 8*y**2 + 612*y + 7193. Give n(-62).
1
Let m(l) = -26*l - 249. Calculate m(-9).
-15
Let w(f) = -1384*f + 8301. Calculate w(6).
-3
Let m(g) = -13*g**2 - 17*g + 66. Calculate m(4).
-210
Let r(z) = 28*z - 806. Determine r(29).
6
Let h(m) = 949*m + 3807. What is h(-4)?
11
Let s(y) = y**3 + 7*y**2 - 4269*y - 25635. Give s(-6).
15
Let g(f) = 38*f + 276. Determine g(-8).
-28
Let x(s) = -2*s**2 + 126*s - 1881. What is x(39)?
-9
Let a(j) = -6*j**2 + 105*j - 6. What is a(13)?
345
Let t(z) = -z**3 - 20*z**2 - 5*z + 8. Give t(-20).
108
Let b(t) = t**3 + 7*t**2 - 9*t - 5. Give b(-7).
58
Let i(j) = 219*j + 10509. Calculate i(-48).
-3
Let r(k) = -45*k - 183. Calculate r(-5).
42
Let r(x) = -246*x - 1739. Calculate r(-7).
-17
Let n(x) = -3*x**3 + 60*x**2 + 66*x - 67. What is n(21)?
-4
Let c(d) = -68*d + 215. What is c(2)?
79
Let i(v) = v**3 + 370*v**2 - 1892*v - 6368. Determine i(-375).
7
Let r(f) = -f**3 - 94*f**2 - 1051*f - 46. Calculate r(-81).
-208
Let f(b) = -566*b + 3396. What is f(6)?
0
Let s(b) = -26*b**3 - 3*b**2 - 5*b + 3. Give s(-2).
209
Let a(i) = 164*i + 463. Calculate a(-3).
-29
Let d(y) = -250*y + 134. Calculate d(1).
-116
Let q(t) = 5*t**3 - 6*t**2 - t + 21. Determine q(3).
99
Let z(o) = -o**2 - 24*o - 142. Give z(-15).
-7
Let z(j) = -134*j + 361. Calculate z(3).
-41
Let x(z) = 70*z - 2862. Determine x(41).
8
Let n(g) = -7*g**3 - 70*g**2 + 4*g + 5. Determine n(-10).
-35
Let b(p) = -31*p - 2233. Give b(-72).
-1
Let g(i) = 121*i**2 - 242*i - 7. What is g(2)?
-7
Let x(y) = 4*y**3 - 31*y**2 + 32*y - 4. Give x(6).
-64
Let n(y) = -62*y - 2907. Calculate n(-47).
7
Let w(x) = -2*x - 14. Determine w(-7).
0
Let n(l) = l**3 - 16*l**2 + 144*l - 1402. Determine n(13).
-37
Let w(h) = -h**2 - 35*h - 199. Calculate w(-9).
35
Let u(c) = 44*c - 2109. Determine u(48).
3
Let o(f) = 2*f**3 - 59*f**2 - 10*f - 636. What is o(30)?
-36
Let h(n) = -4*n**3 + 11*n**2 - 79*n + 527. What is h(7)?
-859
Let y(l) = -l**3 + 33*l**2 - 155*l - 184. Give y(27).
5
Let n(t) = -3*t**2 + 52*t - 217. Determine n(7).
0
Let g(l) = -3*l - 11. What is g(-18)?
43
Let f(x) = 2041*x + 281662. What is f(-138)?
4
Let l(s) = 27*s - 250. Give l(6).
-88
Let a(k) = 122*k - 1226. Calculate a(10).
-6
Let y(s) = 2378*s - 18954. Give y(8).
70
Let n(x) = -35*x + 1084. Determine n(31).
-1
Let z(k) = 6*k**2 - 32*k + 118. Calculate z(7).
188
Let t(y) = 61*y + 1792. Calculate t(-29).
23
Let m(o) = -o**3 - 20*o**2 - 20*o - 12. Calculate m(-19).
7
Let x(m) = 73*m**2 + 557*m + 3. What is x(-8)?
219
Let x(a) = 2*a**3 + 170*a**2 + 176*a + 675. Determine x(-84).
3
Let z(g) = -3415*g - 6806. What is z(-2)?
24
Let o(r) = -r**3 - 29*r**2 - 21*r + 45. Calculate o(-28).
-151
Let l(m) = 560*m - 3885. Give l(7).
35
Let d(a) = 2*a**3 + 4*a**2 - 11*a + 18. Calculate d(-6).
-204
Let a(v) = -102*v**2 - 5*v + 6. Give a(1).
-101
Let y(o) = -17*o**2 + o - 24. Give y(3).
-174
Let t(o) = 2*o**2 - 13*o + 37. Determine t(2).
19
Let q(g) = 14*g**2 + 221*g - 58. Give q(-16).
-10
Let q(l) = -648*l**3 + l**2 - 8*l - 7. Give q(-1).
650
Let r(o) = -6*o**2 + 36*o - 14. Calculate r(7).
-56
Let j(f) = -6*f**2 + 161*f - 433. What is j(3)?
-4
Let d(x) = -34*x - 34. What is d(3)?
-136
Let k(a) = -44*a - 605. Determine k(-12).
-77
Let s(d) = -d**3 + 9*d**2 + 13*d + 17. Calculate s(10).
47
Let r(u) = -108*u - 13033. Determine r(-121).
35
Let i(u) = -127*u + 20694. What is i(163)?
-7
Let i(j) = 12*j**2 + 30*j + 25. What is i(-3)?
43
Let s(p) = -p**3 - 3*p**2 - 3*p + 18. Determine s(-3).
27
Let o(r) = r**3 + r**2 - 91*r + 295. Determine o(6).
1
Let l(x) = x**2 - 33*x + 222. Determine l(22).
-20
Let o(x) = -x**3 - 13*x**2 + 18*x - 11. Calculate o(-15).
169
Let m(t) = t**2 + 706*t - 5017. What is m(7)?
-26
Let t(x) = -5*x**2 - 256*x - 56. Give t(-50).
244
Let t(q) = -2*q**3 - 29*q**2 + 279*q + 105. What is t(-21)?
-21
Let j(g) = -2*g**3 + 11*g**2 + 31*g - 225. Give j(5).
-45
Let k(g) = -g**3 - 7*g**2 - 7*g + 31. Give k(-8).
151
Let f(l) = l**3 - 4*l**2 - 56*l + 240. Give f(5).
-15
Let b(z) = -12*z**2 + 20*z - 9. What is b(2)?
-17
Let n(j) = -j**3 - 11*j**2 - 107*j - 978. Calculate n(-9).
-177
Let l(o) = 1388*o - 11109. Calculate l(8).
-5
Let v(h) = 2148*h - 4315. Calculate v(2).
-19
Let v(y) = -y**2 - 77*y + 639. Determine v(-87).
-231
Let o(h) = -10*h**3 - 2*h**2 + 11*h + 12. Calculate o(-1).
9
Let d(q) = q**2 - 18*q - 329. Determine d(-11).
-10
Let d(f) = 153*f - 1687. Calculate d(10).
-157
Let k(f) = -3*f - 55. Give k(-9).
-28
Let n(w) = 4*w + 191. Give n(-6).
167
Let n(d) = -d**3 + 16*d**2 + 3*d + 7. Calculate n(16).
55
Let y(c) = c**3 - 10*c**2 + 11*c + 84. What is y(6)?
6
Let w(l) = -2*l**3 + 7*l**2 - 30*l + 81. Give w(3).
0
Let z(u) = u**3 + 19*u**2 - 72. What is z(-18)?
252
Let l(m) = 901*m + 29737. What is l(-33)?
4
Let u(g) = -g**2 - 30*g + 779. What is u(17)?
-20
Let u(f) = -31*f + 14. Give u(0).
14
Let h(k) = -11071*k + 44296. Calculate h(4).
12
Let y(l) = -350*l - 13. What is y(0)?
-13
Let h(a) = -13*a + 612. What is h(47)?
1
Let m(g) = 6*g**2 - 78*g - 75. What is m(14)?
9
Let x(i) = -856*i - 1724. What is x(-2)?
-12
Let h(j) = -662*j + 660. Calculate h(1).
-2
Let o(f) = -2*f**2 + 34*f - 40. What is o(20)?
-160
Let g(z) = z**3 + 19*z**2 + 79*z + 13. Calculate g(-14).
-113
Let l(k) = -3*k**3 + 20*k**2 - 4*k - 15. Give l(7).
-92
Let g(c) = c**3 - 61*c**2 + 118*c - 23. Give g(59).
-23
Let r(u) = -334*u + 3676. Give r(11).
2
Let f(n) = -34*n + 188. What is f(5)?
18
Let c(q) = q**2 + 2*q - 69. What is c(-8)?
-21
Let b(i) = 5*i**2 - 70*i + 196. Calculate b(10).
-4
Let k(g) = -2*g**3 - 8*g**2 - 14*g - 10. Determine k(-2).
2
Let a(b) = -565*b - 3639. Calculate a(-7).
316
Let w(r) = r**3 - 7*r**2 - 19*r + 29. What is w(8)?
-59
Let x(k) = 34*k**2 + 25*k + 52. Calculate x(-2).
138
Let a(z) = 28*z**2 - 53*z - 95. Determine a(3).
-2
Let u(l) = -4*l**2 + 220*l - 813. Calculate u(4).
3
Let l(q) = 39*q - 137. Calculate l(5).
58
Let a(o) = -3*o**2 + 131*o + 872. Give a(50).
-78
Let r(v) = -76*v + 623. Calculate r(8).
15
Let m(u) = -2*u**2 + 4*u + 28. What is m(0)?
28
Let m(n) = 254*n + 30757. Determine m(-121).
23
Let g(j) = -j**2 + 42*j - 241. Give g(20).
199
Let j(a) = -18*a**3 - 3*a**2 - 13*a - 9. Calculate j(-1).
19
Let z(l) = -172*l + 24944. What is z(145)?
4
Let b(v) = 9*v + 310. Give b(-28).
58
Let f(a) = 56*a + 24. Calculate f(-14).
-760
Let c(n) = n**2 - 4*n - 27. Determine c(-3).
-6
Let d(t) = -t**2 + 23*t + 694. Calculate d(-17).
14
Let b(m) = -49*m - 156. Determine b(-4).
40
Let i(r) = -r**2 + 46*r - 512. Calculate i(29).
-19
Let x(b) = -2*b + 173. Calculate x(69).
35
L